158. Calculate the highest common factor of i and f.
15
Let x = 44 + -11. Suppose 144*s = 147*s - x. What is the highest common divisor of s and 209?
11
Suppose 0 = -v + 2*y + 2213, 5*v + y - 11045 = 6*y. Calculate the highest common factor of v and 805.
35
Let a(x) = 1 + 11*x - 11 + 1 + 1 - 2. Let b(q) = 4*q + 1. Let m be b(1). Let o be a(m). What is the greatest common divisor of 45 and o?
45
Let x be (12/(-10))/(-1)*(-20)/(-6). Suppose -2*g + 39 = -5*d, d + x - 3 = 0. Let c be (748/(-8))/(2/(-4)). Calculate the highest common factor of c and g.
17
Suppose -q - 8 = -3*i + 17, 5*i - q = 43. Calculate the highest common factor of i and 243.
9
Suppose 0 = -0*h + 4*h - 1024. Let z = 47324 + -47316. Calculate the highest common factor of z and h.
8
Suppose -2*f + 8 = 2*k, 3*f - 5*f + k + 2 = 0. Let z be 63 - ((-48)/8)/f. Let y(x) = x**2 + 5*x. Let i be y(-6). What is the highest common factor of i and z?
6
Let f be ((-990)/60)/(2/(-4)). Calculate the highest common factor of 3729 and f.
33
Let t(j) = -2*j**3 - j**2 - 3*j - 38. Let k be t(-7). Calculate the highest common divisor of 120 and k.
20
Suppose 235*x - 242*x + 280 = 0. Suppose 0 = -2*d - z + x, 3*d - 4*z - 25 = 57. What is the highest common divisor of d and 198?
22
Let b = -5251 - -10515. What is the highest common factor of b and 224?
112
Suppose -46*t + 8*t - 6*t = -2288. Calculate the greatest common factor of t and 4147.
13
Let o be ((10089/12)/((-51)/136))/(-2). What is the highest common divisor of o and 19?
19
Let k(y) = 2391*y + 3458. Let d be k(-1). Let p(o) = -12*o - 1. Let x be p(-1). What is the highest common divisor of d and x?
11
Suppose 22 = 4*i + 2. Suppose -737 = -12*u + 295. Let n = u + -41. Calculate the greatest common divisor of i and n.
5
Suppose 4*u = -4181 + 14853. Suppose -h = 5*t - 2656, u = 18*t - 13*t - 2*h. Calculate the highest common divisor of 28 and t.
28
Let c(o) = -69*o - 1642. Let z be c(-17). Let u be (-1)/2 + 5061/6. Let h = u + z. Calculate the greatest common divisor of h and 34.
34
Suppose 2*k = 468 + 632. Let q = -275 + k. Calculate the highest common factor of q and 50.
25
Let c be ((-1)/2)/((-44)/418)*8. Suppose d + 64 = 3*l, 3*l + d - 24 = c. Calculate the highest common factor of l and 21.
21
Let t be (-56)/(16/678*(-21)/476). What is the highest common divisor of t and 34?
34
Suppose 17*y - 15*y = -2*f + 1122, -y = -5*f + 2775. Let o = 601 - f. What is the greatest common factor of 585 and o?
45
Let w(x) = x**3 + 24*x**2 + 33*x + 62. Let l be w(19). What is the greatest common divisor of 168 and l?
84
Let i be (1 - 0)/(2/96). Let f be 69*15/2070*((-30)/(-3) + 2). Calculate the greatest common factor of i and f.
6
Suppose -120*y = -116*y - 16. Suppose y = -2*z, -z + 52 = -2*q - 4*z. Let f = q + 30. What is the highest common factor of 49 and f?
7
Suppose 238*m - 233*m - 40 = 0. Let h be ((-3084)/m - 3)*4/(-6). What is the greatest common divisor of 111 and h?
37
Let g be 0/2 - (-4 + 2). Suppose 1569 - 1583 = -7*b. Suppose -g*v + 3*f = -2*f - 38, -b*v + 32 = -2*f. Calculate the greatest common divisor of 7 and v.
7
Suppose -4*j + 2*r = 59 - 189, j = 2*r + 28. Suppose -8 = -t + 5*t, -4*q + 3*t - j = 0. Let k be (1 + 6/q)*10. Calculate the greatest common factor of 20 and k.
4
Let v = -5272 + 5287. Calculate the highest common factor of v and 65.
5
Suppose 2*h - 5*f - 5 = 0, 4*h - 3*f - 4 = -15. Let k be h/(-2)*((-124)/(-10) - 12). What is the greatest common divisor of k and 71?
1
Let m(n) = -n**3 - 34*n**2 + 137*n + 112. Let y be m(-38). Calculate the greatest common divisor of y and 434.
62
Let q(p) = -4*p + 0*p + 74 + 8*p + 3*p**2 - 115. Let f be q(10). Calculate the greatest common divisor of f and 23.
23
Let i = 395 + -393. Suppose 0 = 5*b - j - 336, i*b - 17 - 113 = -4*j. Calculate the greatest common divisor of b and 737.
67
Let p(f) = -566*f - 1638. Let i be p(-3). What is the greatest common divisor of i and 3090?
30
Suppose -39*q + 5483 + 13861 = 0. Let z be -3 - 102/(-12)*6. What is the greatest common divisor of q and z?
16
Let b be (-10)/((-4)/(-44) + 15/(-44)). Suppose -61*n + 69*n - b = 0. What is the greatest common factor of 115 and n?
5
Suppose -7*g + 5*g - 274 = -4*s, 0 = 4*g - 4. What is the highest common factor of s and 12?
3
Suppose 4*s = 5*l - 296, -2*s - 152 + 34 = -2*l. What is the highest common factor of 265 and l?
5
Suppose 196 = 4*t + 4*z, -3*z - 196 = -4*t - 7. Let b(n) = 16*n + 134. Let v be b(-8). What is the greatest common factor of v and t?
6
Let f = -86 + 96. Suppose -5*r + 0 = -f. Let b be r*1/(-2) + 21. What is the greatest common divisor of b and 10?
10
Let z = 31839 - 31747. Calculate the greatest common factor of 3082 and z.
46
Let r = 2663 - 2656. What is the greatest common factor of 109 and r?
1
Let t(a) = -9*a**3 + 8*a - 7. Let d be t(-3). Suppose 2*g + v - 65 = 50, 4*g = 4*v + d. Let x = -5 - -12. Calculate the greatest common divisor of x and g.
7
Suppose -u + 269 - 19 = -3*i, -4*u + 426 = -5*i. Let y = i - -122. Let d = 64 - 56. What is the greatest common factor of d and y?
8
Suppose -2*o + o - 5*k = 0, 3*k + 18 = 3*o. Suppose 141 = 4*c + o. Suppose 476 = 197*f - 195*f. Calculate the highest common divisor of c and f.
34
Let x(g) = 5*g**2 + 2*g + 504. Let p be x(-22). Calculate the greatest common factor of 144 and p.
144
Let m be (10/(-80)*38)/((-1)/144). Calculate the greatest common factor of m and 608.
76
Let n be 704*1*(-768)/(-8 + -4). Calculate the highest common factor of 44 and n.
44
Suppose -13*c = -39*c - 4*c + 15990. Let g(h) = 8*h + 10. Let y be g(9). What is the greatest common factor of y and c?
41
Let y be 1/(((-153)/2664)/(-17)*3/12). Calculate the highest common divisor of y and 608.
32
Let w be (8 - 8)/(3 - -1). Suppose -19*y + 377 + 1884 = w. What is the highest common divisor of 7 and y?
7
Suppose -184*c = -183*c - 3. Let s be 7 + 3 - (c + (-2)/(-1)). Calculate the highest common divisor of 55 and s.
5
Let q(f) = 7 - f - 8 - 11 - 14 - 11*f. Let g be q(-5). Calculate the greatest common factor of g and 136.
34
Let b be (3 - 5 - -3) + 30/(-2). Let g be (1/2)/(b/(-12) - 1). What is the highest common factor of g and 75?
3
Let p be 4/(-48) - 615952/(-192). Calculate the greatest common divisor of p and 24.
8
Let t = 391 + 283. Let u = 690 - t. What is the greatest common factor of 20 and u?
4
Let y = 307 + -131. Suppose -8*d = d - 144. Suppose 0 = -d*h + 13*h + 66. Calculate the highest common divisor of h and y.
22
Let k = 23851 + -23527. Calculate the highest common divisor of 2349 and k.
81
Suppose -94*d + 4769 - 163 = 0. Calculate the greatest common divisor of 847 and d.
7
Let p(k) = -k**2 + 2*k + 4. Let l be p(0). Let f(i) = 4*i**2 - 16*i + 8. Let o be f(l). What is the greatest common divisor of o and 200?
8
Suppose 0 = -7*l + 5*l - 3*j + 665, 3*l - 2*j = 978. Suppose -14*m - l = -22*m. Calculate the highest common factor of 287 and m.
41
Let k = -1519 + 1583. What is the highest common factor of k and 8032?
32
Suppose -141*r + 180333 + 285900 = -154590. What is the greatest common divisor of 7 and r?
7
Let f = -359 + 395. What is the highest common factor of 6084 and f?
36
Let u(n) = 5*n**2 + 39*n - 207. Let k be u(8). Calculate the highest common divisor of 935 and k.
85
Let t be (22/8)/((-2)/(-8)). Let f = 1327 + -1223. Suppose 3*a - 12*m = -7*m + f, 5*m - 160 = -5*a. Calculate the highest common divisor of a and t.
11
Let o be 1/(-4) - 13/(-8)*2. Suppose -o*p - p = -1176. Let b = p + 12. Calculate the greatest common factor of b and 34.
34
Suppose f + 6 = -k + 23, 5*f = 4*k + 130. Let p = 874 - 792. Suppose -10*h - f = -p. What is the highest common factor of h and 24?
6
Let v(a) be the first derivative of -24 + 9/2*a**2 + 16*a. Let h be v(6). Calculate the highest common divisor of h and 10.
10
Let v = -285 + 77. Let w = v - -220. What is the highest common factor of 132 and w?
12
Let b(m) = 3*m**2 + m + 8. Let t be b(0). Suppose h - 12*x = -t*x + 403, 5*x = 25. Calculate the highest common factor of 9 and h.
9
Let d(b) = -11*b + 153. Let h be d(3). Let m(z) = 18*z**3 - 3*z**2 + z. Let w be m(2). Let k = w - h. Calculate the highest common factor of 196 and k.
14
Let i be 32/(-16) - (65 - 2). Let s = 60 + i. Let j be (-3)/(-4) + (-3534)/(-24) + s. Calculate th